
Is 780884183 a composite number?
True
Is 56627959691 a composite number?
True
Is 8211941351 a prime number?
True
Is 16060843063 composite?
False
Is 9820373681 a composite number?
False
Is 1156200701 prime?
True
Is 1322371171 composite?
True
Is 22526534143 a prime number?
False
Is 8835670433 composite?
False
Is 2390600747 composite?
True
Is 41328683659 prime?
True
Is 597435571 prime?
True
Is 6366510571 a prime number?
True
Is 743458117 prime?
True
Is 7138043359 a prime number?
False
Is 13428856307 a prime number?
False
Is 883207037 a composite number?
False
Is 1155940853 composite?
True
Is 2273613829 a prime number?
True
Is 6817702121 a composite number?
True
Is 555007737 prime?
False
Is 1603506923 a composite number?
True
Is 9008587754 a prime number?
False
Is 4602043969 prime?
False
Is 2554339591 a prime number?
False
Is 1514242193 a composite number?
True
Is 17544507779 a prime number?
False
Is 25257618271 a prime number?
True
Is 336994093 composite?
False
Is 4255668083 prime?
True
Is 14607310337 prime?
False
Is 459366107 a prime number?
False
Is 25406357 composite?
False
Is 3503471687 a prime number?
False
Is 1404309593 prime?
True
Is 19760232841 prime?
True
Is 333959 composite?
False
Is 679229429 prime?
True
Is 64519162165 a prime number?
False
Is 21850397813 prime?
True
Is 2907821513 composite?
False
Is 186196642 composite?
True
Is 1506302233 a composite number?
True
Is 158894485549 a prime number?
True
Is 11141720591 a composite number?
False
Is 309840787 a composite number?
True
Is 28935139481 a prime number?
True
Is 7824399257 prime?
True
Is 78746587 prime?
True
Is 15173701 a prime number?
False
Is 159932969 prime?
False
Is 10434754543 composite?
True
Is 42603536179 a composite number?
False
Is 3535556953 composite?
True
Is 48339930973 a composite number?
True
Is 5251295846 a prime number?
False
Is 585369269 a prime number?
False
Is 1389434593 a composite number?
False
Is 21239660171 composite?
False
Is 32903749 a composite number?
False
Is 7806007211 a prime number?
False
Is 1406620849 a prime number?
True
Is 841620113 a prime number?
False
Is 993514267 a composite number?
True
Is 430600519 prime?
True
Is 2316815387 prime?
False
Is 2183100769 prime?
False
Is 537347879 composite?
False
Is 1175207581 prime?
False
Is 29849987 prime?
True
Is 6298567703 prime?
False
Is 70581673 a composite number?
True
Is 2361814477 composite?
True
Is 1684467461 prime?
True
Is 17935162951 composite?
True
Is 730580033 composite?
True
Is 12212779547 a composite number?
True
Is 250092263 a composite number?
True
Is 6241303361 prime?
False
Is 8277957427 a composite number?
True
Is 664474411 composite?
False
Is 1787121251 composite?
True
Is 29328194543 composite?
False
Is 14281845583 composite?
False
Is 216788459 a composite number?
True
Is 74271031 a prime number?
True
Is 122205981827 a composite number?
False
Is 5906672923 prime?
False
Is 1127181227 a composite number?
True
Is 28289021947 a prime number?
False
Is 3501866581 composite?
False
Is 1953466202 a prime number?
False
Is 9446019061 a composite number?
True
Is 27856471 a composite number?
True
Is 4368668845 a composite number?
True
Is 29003890879 a prime number?
True
Is 628996989 a prime number?
False
Is 408790121 a prime number?
False
Is 397128539 composite?
False
Is 11237257513 a composite number?
True
Is 6058422589 composite?
True
Is 12097697057 a composite number?
False
Is 6541681961 a composite number?
False
Is 14412718949 composite?
True
Is 352415747 prime?
True
Is 193239191 a prime number?
False
Is 27020497081 composite?
True
Is 12650044067 prime?
False
Is 8776434223 composite?
False
Is 6453936737 a prime number?
True
Is 652613749 composite?
False
Is 6466276357 composite?
True
Is 22529440127 composite?
False
Is 7833391327 a prime number?
False
Is 26367943163 composite?
False
Is 27276310549 composite?
False
Is 9610683279 a composite number?
True
Is 15461456909 composite?
True
Is 80623008073 prime?
True
Is 45484830037 a composite number?
True
Is 18409519979 a prime number?
False
Is 1161328997 a composite number?
False
Is 7161074849 prime?
False
Is 3585589129 prime?
True
Is 2390228261 a composite number?
True
Is 118319557 a composite number?
True
Is 25060625657 prime?
True
Is 37778659531 a composite number?
False
Is 855187621 composite?
False
Is 2908963627 prime?
False
Is 1651573153 a composite number?
True
Is 1599265607 prime?
True
Is 19474550071 composite?
False
Is 68883750097 composite?
False
Is 17949186991 composite?
True
Is 170264506969 prime?
False
Is 35235039751 a composite number?
True
Is 1401741757 prime?
False
Is 24787267949 a composite number?
True
Is 4415408269 composite?
True
Is 109801389103 a composite number?
True
Is 45124759969 a composite number?
False
Is 1664798923 composite?
False
Is 2161684391 a prime number?
False
Is 2472671351 a composite number?
False
Is 126963677 a composite number?
False
Is 505171594 a prime number?
False
Is 13794192617 a composite number?
False
Is 953892281 a prime number?
True
Is 1345969603 a composite number?
True
Is 35250557239 prime?
False
Is 57249389 a prime number?
False
Is 107223161 a composite number?
True
Is 217347289327 prime?
False
Is 7958265079 composite?
False
Is 19210265981 composite?
False
Is 130791297961 composite?
False
Is 2678544749 a prime number?
True
Is 46566164945 composite?
True
Is 875046787 composite?
True
Is 22424094109 composite?
False
Is 5250295069 composite?
True
Is 467420647 composite?
False
Is 47234423 composite?
False
Is 2128066729 a composite number?
True
Is 35605572859 prime?
True
Is 134670869 a composite number?
False
Is 263812859 prime?
True
Is 1143460081 a composite number?
False
Is 24808392957 a composite number?
True
Is 15247519033 prime?
False
Is 28004213621 a prime number?
True
Is 3088102259 prime?
False
Is 442586897 composite?
True
Is 13461355699 prime?
False
Is 7839832961 composite?
True
Is 1319197241 a composite number?
False
Is 349632061 a prime number?
True
Is 17801425199 a composite number?
True
Is 252046787 a composite number?
False
Is 6116674091 composite?
True
Is 12962666059 a prime number?
False
Is 31926725969 a composite number?
False
Is 37609621 a composite number?
True
Is 6189649777 composite?
True
Is 1119511139 composite?
False
Is 89820349669 prime?
True
Is 2837108863 a prime number?
False
Is 1207588631 composite?
False
Is 3270148619 composite?
False
Is 2777239133 prime?
True
Is 3325315177 a composite number?
False
Is 568726201 a prime number?
True
Is 504263897 prime?
False
Is 10029656183 composite?
False
Is 280602019 a prime number?
True
Is 24983421371 composite?
False
Is 17019222587 prime?
True
Is 7042516489 composite?
True
Is 81353064937 composite?
False
Is 329610291 prime?
False
Is 6640917661 prime?
False
Is 659333069 a prime number?
True
Is 286268699 prime?
False
Is 11068722583 a composite number?
False
Is 1192988423 composite?
True
Is 596864137 a composite number?
False
Is 876140719 composite?
True
Is 821419909 a prime number?
True
Is 606439466 a composite number?
True
Is 2190892654 a composite number?
True
Is 243509353 a composite number?
False
Is 3169027363 prime?
False
Is 885137137 a prime number?
True
Is 122027807 composite?
True
Is 5154884129 prime?
False
Is 671281511 a composite number?
False
Is 23936377601 composite?
False
Is 203362410067 a composite number?
False
Is 2718484733 a composite number?
True
Is 43424280671 a prime number?
False
Is 3448783243 composite?
False
Is 633157589 a prime number?
True
Is 96967757 a composite number?
False
Is 3883353769 prime?
True
Is 1938400381 a composite number?
False
Is 2729962111 prime?
True
Is 1174217669 composite?
False
Is 24551495971 prime?
False
Is 2622108659 a composite number?
False
Is 2791238363 a composite number?
False
Is 2852798551 composite?
True
Is 7735528499 a composite number?
False
Is 102283617 prime?
False
Is 1421559121 composite?
False
Is 802482787 prime?
False
Is 86606653807 a composite number?
False
Is 224780539 a composite number?
False
Is 1830500743 a prime number?
True
Is 14223768397 prime?
False
Is 1924392259 a composite number?
True
Is 10422407587 a prime number?
True
Is 143725610687 a prime number?
True
Is 6851419843 prime?
True
Is 18929086511 composite?
False
Is 38557824029 prime?
True
Is 9255249097 a prime number?
False